{"id":6661,"date":"2021-10-28T12:41:36","date_gmt":"2021-10-28T15:41:36","guid":{"rendered":"https:\/\/museocaraffa.org.ar\/coleccion\/?page_id=6661"},"modified":"2022-05-24T13:52:55","modified_gmt":"2022-05-24T16:52:55","slug":"la-coleccion","status":"publish","type":"page","link":"https:\/\/museocaraffa.org.ar\/coleccion\/index.php\/la-coleccion\/","title":{"rendered":"Historia"},"content":{"rendered":"\n<div class=\"wp-block-columns\">\n<div class=\"wp-block-column\" style=\"flex-basis:400px\">\n<p class=\"has-small-font-size\">La colecci\u00f3n del Museo Provincial de Bellas Artes Emilio Caraffa fue conform\u00e1ndose, principalmente, a partir de la intenci\u00f3n de dar cuenta de la actividad pl\u00e1stica local. Los sucesivos ingresos fueron contribuyendo a situar esa producci\u00f3n en un contexto m\u00e1s amplio, hasta llegar al conjunto actual (alrededor de 1300 obras), que permite leer diversos procesos vinculados al desarrollo del arte argentino desde fines del siglo XIX hasta el presente.<br>En 2007, la ampliaci\u00f3n y refuncionalizaci\u00f3n del edificio hist\u00f3rico del museo (aquel construido por Kronfuss en 1916, que hab\u00eda sufrido ya una modificaci\u00f3n considerable en 1962) tuvo importantes consecuencias para su colecci\u00f3n. La incorporaci\u00f3n de nuevas \u00e1reas de dep\u00f3sito especialmente dise\u00f1adas para este fin, represent\u00f3 un avance en cuanto a las condiciones de su almacenamiento. Por otra parte, pudo contar con un espacio para su exposici\u00f3n permanente a partir de la creaci\u00f3n del Museo Superior de Bellas Artes Evita-Palacio Ferreyra, que fue concebido con este objeto. A esta exposici\u00f3n se sumaron obras de la Fundaci\u00f3n Centro de Arte Contempor\u00e1neo, acervo que desde 2010 se encuentra depositado en el Museo Caraffa como un comodato de largo plazo. <\/p>\n<\/div>\n\n\n\n<div class=\"wp-block-column\">\n<figure class=\"wp-block-image size-full\"><img loading=\"lazy\" width=\"746\" height=\"436\" src=\"https:\/\/museocaraffa.org.ar\/coleccion\/wp-content\/uploads\/2021\/07\/vista-gral-26.jpg\" alt=\"\" class=\"wp-image-2809\" srcset=\"https:\/\/museocaraffa.org.ar\/coleccion\/wp-content\/uploads\/2021\/07\/vista-gral-26.jpg 746w, https:\/\/museocaraffa.org.ar\/coleccion\/wp-content\/uploads\/2021\/07\/vista-gral-26-300x175.jpg 300w\" sizes=\"(max-width: 746px) 100vw, 746px\" \/><\/figure>\n<\/div>\n<\/div>\n\n\n\n<div class=\"wp-container-1 wp-block-buttons\">\n<div class=\"wp-block-button has-custom-font-size is-style-fill has-small-font-size\"><a class=\"wp-block-button__link has-black-color has-text-color has-background\" href=\"http:\/\/www.museocaraffa.org.ar\/blogcentenario\/\" style=\"background-color:#bcbcbc\">+ sobre la colecci\u00f3n y el museo<\/a><\/div>\n<\/div>\n\n\n\n<p><\/p>\n","protected":false},"excerpt":{"rendered":"<p>La colecci\u00f3n del Museo Provincial de Bellas Artes Emilio Caraffa fue conform\u00e1ndose, principalmente, a partir de la intenci\u00f3n de dar cuenta de la actividad pl\u00e1stica local. Los sucesivos ingresos fueron contribuyendo a situar esa producci\u00f3n en un contexto m\u00e1s amplio, hasta llegar al conjunto actual (alrededor de 1300 obras), que permite leer diversos procesos vinculados [&hellip;]<\/p>\n","protected":false},"author":1,"featured_media":0,"parent":0,"menu_order":0,"comment_status":"closed","ping_status":"closed","template":"","meta":{"_vp_format_video_url":"","_vp_image_focal_point":[],"_starter_page_template":""},"_links":{"self":[{"href":"https:\/\/museocaraffa.org.ar\/coleccion\/index.php\/wp-json\/wp\/v2\/pages\/6661"}],"collection":[{"href":"https:\/\/museocaraffa.org.ar\/coleccion\/index.php\/wp-json\/wp\/v2\/pages"}],"about":[{"href":"https:\/\/museocaraffa.org.ar\/coleccion\/index.php\/wp-json\/wp\/v2\/types\/page"}],"author":[{"embeddable":true,"href":"https:\/\/museocaraffa.org.ar\/coleccion\/index.php\/wp-json\/wp\/v2\/users\/1"}],"replies":[{"embeddable":true,"href":"https:\/\/museocaraffa.org.ar\/coleccion\/index.php\/wp-json\/wp\/v2\/comments?post=6661"}],"version-history":[{"count":13,"href":"https:\/\/museocaraffa.org.ar\/coleccion\/index.php\/wp-json\/wp\/v2\/pages\/6661\/revisions"}],"predecessor-version":[{"id":11190,"href":"https:\/\/museocaraffa.org.ar\/coleccion\/index.php\/wp-json\/wp\/v2\/pages\/6661\/revisions\/11190"}],"wp:attachment":[{"href":"https:\/\/museocaraffa.org.ar\/coleccion\/index.php\/wp-json\/wp\/v2\/media?parent=6661"}],"curies":[{"name":"wp","href":"https:\/\/api.w.org\/{rel}","templated":true}]}}

<div class="wp-block-columns">
<div class="wp-block-column" style="flex-basis:400px">
<p class="has-small-font-size">La colección del Museo Provincial de Bellas Artes Emilio Caraffa fue conformándose, principalmente, a partir de la intención de dar cuenta de la actividad plástica local. Los sucesivos ingresos fueron contribuyendo a situar esa producción en un contexto más amplio, hasta llegar al conjunto actual (alrededor de 1300 obras), que permite leer diversos procesos vinculados al desarrollo del arte argentino desde fines del siglo XIX hasta el presente.<br>En 2007, la ampliación y refuncionalización del edificio histórico del museo (aquel construido por Kronfuss en 1916, que había sufrido ya una modificación considerable en 1962) tuvo importantes consecuencias para su colección. La incorporación de nuevas áreas de depósito especialmente diseñadas para este fin, representó un avance en cuanto a las condiciones de su almacenamiento. Por otra parte, pudo contar con un espacio para su exposición permanente a partir de la creación del Museo Superior de Bellas Artes Evita-Palacio Ferreyra, que fue concebido con este objeto. A esta exposición se sumaron obras de la Fundación Centro de Arte Contemporáneo, acervo que desde 2010 se encuentra depositado en el Museo Caraffa como un comodato de largo plazo. </p>
</div>



<div class="wp-block-column">
<figure class="wp-block-image size-full"><img loading="lazy" width="746" height="436" src="https://museocaraffa.org.ar/coleccion/wp-content/uploads/2021/07/vista-gral-26.jpg" alt="" class="wp-image-2809" srcset="https://museocaraffa.org.ar/coleccion/wp-content/uploads/2021/07/vista-gral-26.jpg 746w, https://museocaraffa.org.ar/coleccion/wp-content/uploads/2021/07/vista-gral-26-300x175.jpg 300w" sizes="(max-width: 746px) 100vw, 746px" /></figure>
</div>
</div>



<div class="wp-container-1 wp-block-buttons">
<div class="wp-block-button has-custom-font-size is-style-fill has-small-font-size"><a class="wp-block-button__link has-black-color has-text-color has-background" href="http://www.museocaraffa.org.ar/blogcentenario/" style="background-color:#bcbcbc">+ sobre la colección y el museo</a></div>
</div>



<p></p>

<p>La colección del Museo Provincial de Bellas Artes Emilio Caraffa fue conformándose, principalmente, a partir de la intención de dar cuenta de la actividad plástica local. Los sucesivos ingresos fueron contribuyendo a situar esa producción en un contexto más amplio, hasta llegar al conjunto actual (alrededor de 1300 obras), que permite leer diversos procesos vinculados [&hellip;]</p>
